441b
What is 261 (base 13) in base 10?
417
4431 (base 8) to base 9
3167
What is 817 (base 11) in base 13?
5ab
What is -101222 (base 3) in base 6?
-1212
-6d2 (base 14) to base 8
-2520
Convert 2121 (base 8) to base 3.
1111221
What is -114 (base 8) in base 14?
-56
Convert cd7 (base 16) to base 15.
e92
Convert -1223 (base 6) to base 14.
-179
Convert 10210202 (base 3) to base 11.
20a2
Convert d100 (base 16) to base 9.
81348
Convert -3661 (base 7) to base 4.
-111112
2c0b (base 14) to base 4
1322223
What is 1453 (base 6) in base 3?
112120
-9f2 (base 16) to base 4
-213302
Convert 2074 (base 9) to base 4.
113311
What is 1793 (base 12) in base 6?
21103
Convert -10647 (base 8) to base 10.
-4519
601 (base 13) to base 10
1015
Convert 32366 (base 8) to base 3.
200121011
What is b46 (base 14) in base 8?
4252
Convert 11ab (base 12) to base 15.
8d8
Convert 40303 (base 5) to base 8.
5022
What is 11036 (base 8) in base 12?
2826
Convert 24433 (base 6) to base 3.
11222010
537 (base 10) to base 14
2a5
What is -603 (base 8) in base 3?
-112100
-10330 (base 5) to base 3
-222111
Convert 36458 (base 9) to base 12.
12182
-1ab3 (base 13) to base 6
-30401
Convert -103314 (base 6) to base 5.
-233132
aa08 (base 12) to base 10
18728
Convert -20404 (base 6) to base 3.
-10202111
What is 726 (base 8) in base 12?
332
What is -25231 (base 6) in base 12?
-2217
What is -4006 (base 7) in base 4?
-111202
Convert 1256 (base 8) to base 14.
370
What is -21623 (base 7) in base 16?
-1550
Convert -b22 (base 12) to base 3.
-2012122
Convert -17c5 (base 13) to base 2.
-110111010101
Convert 3e (base 15) to base 2.
111011
54225 (base 6) to base 9
11168
What is 6063 (base 10) in base 4?
1132233
What is 74 (base 13) in base 14?
6b
What is 1a5 (base 12) in base 5?
2034
Convert 10100111111 (base 2) to base 4.
110333
What is 12114 (base 7) in base 4?
301023
-10220 (base 5) to base 2
-1010101101
b738 (base 12) to base 15
5e25
Convert 25813 (base 9) to base 7.
101544
1b0c6 (base 13) to base 2
1100111010011010
Convert 112025 (base 6) to base 3.
111001122
What is -224 (base 8) in base 6?
-404
-1741 (base 11) to base 14
-b4b
Convert 2249 (base 14) to base 13.
2924
1322313 (base 4) to base 5
222423
10100111010 (base 2) to base 7
3621
What is 4460 (base 10) in base 8?
10554
What is 725 (base 12) in base 6?
4445
What is 125 (base 15) in base 4?
10010
11322 (base 10) to base 6
124230
Convert 26 (base 7) to base 5.
40
-1520 (base 10) to base 4
-113300
418 (base 9) to base 11
290
What is -2542 (base 12) in base 2?
-1000010000010
Convert 473a (base 12) to base 13.
381a
4515 (base 9) to base 2
110100000111
What is -11a1a (base 12) in base 14?
-8a10
-502 (base 12) to base 2
-1011010010
Convert -a4a7 (base 11) to base 5.
-421121
-1101033 (base 5) to base 2
-100100111001101
-1655 (base 10) to base 8
-3167
-586 (base 10) to base 8
-1112
Convert 2413 (base 5) to base 6.
1354
Convert -5556 (base 16) to base 5.
-1144341
What is 13411 (base 9) in base 15?
2a57
-37023 (base 9) to base 8
-60347
What is -66412 (base 8) in base 16?
-6d0a
-65047 (base 9) to base 6
-531154
What is -e2 (base 16) in base 13?
-145
235022 (base 6) to base 13
9467
11736 (base 8) to base 6
35314
-4411 (base 8) to base 7
-6513
What is -5334 (base 7) in base 6?
-12423
-123 (base 9) to base 10
-102
3230303 (base 4) to base 6
154055
Convert 411a (base 15) to base 7.
55042
Convert -20305 (base 7) to base 11.
-37a4
What is -142c (base 14) in base 13?
-1816
What is -5ff (base 16) in base 14?
-7b9
What is -1006 (base 11) in base 3?
-1211112
-1021 (base 4) to base 15
-4d
What is 1334 (base 16) in base 14?
1b12
15b0 (base 13) to base 15
e25
29b (base 13) to base 12
32a
100110111001 (base 2) to base 16
9b9
What is 44573 (base 9) in base 12?
15193
What is -267 (base 12) in base 11?
-304
Convert 1459 (base 11) to base 2.
11101010111
b2c (base 14) to base 13
ccc
Convert -1115032 (base 6) to base 13.
-1cb35
-1110000110011 (base 2) to base 6
-53231
-324433 (base 5) to base 14
-4151
What is 367 (base 8) in base 2?
11110111
Convert -2480 (base 9) to base 7.
-5256
-2476 (base 11) to base 3
-11102121
What is 2275 (base 14) in base 2?
1011101011111
-11001111001 (base 2) to base 15
-757
-33133 (base 4) to base 13
-5b3
-1630 (base 7) to base 10
-658
What is 398 (base 10) in base 13?
248
What is 73 (base 8) in base 14?
43
975 (base 16) to base 5
34141
What is 4401 (base 7) in base 8?
3041
What is 21321132 (base 4) in base 9?
61546
What is -4691 (base 10) in base 7?
-16451
What is 1010000000000001 (base 2) in base 10?
40961
150 (base 14) to base 9
325
What is -100030210 (base 4) in base 5?
-4110330
-103142 (base 5) to base 16
-ddb
What is cc59 (base 14) in base 4?
20220133
dc (base 16) to base 8
334
a8ba (base 14) to base 10
29172
Convert 2426 (base 11) to base 8.
6146
64 (base 10) to base 15
44
What is -3da (base 16) in base 2?
-1111011010
What is -4202 (base 5) in base 12?
-3a0
What is 2006 (base 16) in base 6?
101542
4a599 (base 11) to base 3
10200120102
-10111100110 (base 2) to base 6
-10554
-3db (base 14) to base 5
-11111
What is 2038 (base 9) in base 12?
a45
Convert -796 (base 10) to base 12.
-564
Convert -1a91 (base 13) to base 16.
-fa5
Convert 6421 (base 7) to base 16.
8dd
Convert 23cc (base 13) to base 14.
1bc1
What is 2375 (base 13) in base 4?
1032011
Convert -1660 (base 12) to base 9.
-3580
What is 16555 (base 7) in base 11?
3623
-1045 (base 12) to base 13
-a70
What is 28 (base 11) in base 7?
42
Convert -1213 (base 8) to base 5.
-10101
-30212 (base 4) to base 7
-2231
What is -105220 (base 6) in base 3?
-110021010
Convert -156 (base 15) to base 5.
-2211
32110 (base 4) to base 10
916
8c6 (base 13) to base 10
1514
Convert 1770 (base 10) to base 5.
24040
What is 202 (base 4) in base 6?
54
9431 (base 12) to base 5
1004130
What is 53621 (base 7) in base 9?
20265
Convert 19927 (base 12) to base 14.
d9cb
-73d (base 14) to base 6
-10335
What is 21022212 (base 3) in base 12?
3112
What is 5a4 (base 11) in base 16?
2cf
-14804 (base 9) to base 14
-3997
Convert 4020 (base 6) to base 16.
36c
-b3a (base 16) to base 11
-2183
What is -1223 (base 8) in base 2?
-1010010011
5451 (base 9) to base 12
23a7
What is 2601 (base 9) in base 3?
2200001
501 (base 8) to base 14
18d
-30102 (base 7) to base 16
-1c56
Convert -12120 (base 6) to base 15.
-7d6
What is 4211 (base 10) in base 6?
31255
What is -3580 (base 11) in base 16?
-124e
-17220 (base 8) to base 10
-7824
What is -306246 (base 7) in base 12?
-26543
Convert -7557 (base 8) to base 10.
-3951
What is -100110101011 (base 2) in base 10?
-2475
Convert 3c7 (base 13) to base 11.
55a
What is -10334 (base 5) in base 3?
-222122
Convert -4023 (base 5) to base 6.
-2213
Convert 1667 (base 9) to base 5.
20101
What is -310 (base 13) in base 4?
-20020
13301 (base 4) to base 14
277
1265 (base 7) to base 12
348
Convert 11001000001 (base 2) to base 16.
641
1613 (base 11) to base 2
100000010111
Convert 189a (base 11) to base 12.
1488
2210 (base 4) to base 9
202
8397 (base 12) to base 16
3823
What is -1223 (base 4) in base 15?
-72
What is e1 (base 16) in base 12?
169
-1101111010101111 (base 2) to base 5
-3311012
Convert 21202 (base 4) to base 9.
747
What is 27 (base 15) in base 7?
52
Convert -4e3 (base 15) to base 2.
-10001011001
What is 28a0 (base 14) in base 15?
21eb
-1143 (base 8) to base 6
-2455
What is 2026 (base 10) in base 9?
2701
Convert -100031 (base 4) to base 11.
-863
Convert -5959 (base 11) to base 14.
-2bba
Convert 2ebd (base 16) to base 7.
46612
5b7 (base 16) to base 5
21323
What is -c2b (base 16) in base 3?
-11021101
Convert 153503 (base 6) to base 12.
8893
1410 (base 11) to base 10
1826
-10640 (base 8) to base 5
-121022
What is -548 (base 13) in base 6?
-4105
What is -3003002 (base 4) in base 13?
-58b2
Convert 210a (base 13) to base 3.
20021101
What is -39a5 (base 14) in base 15?
-3011
Convert 232410 (base 7) to base 16.
a2ea
What is -100011101001101 (base 2) in base 4?
-10131031
What is -2000 (base 16) in base 12?
-48a8
What is 20121 (base 3) in base 7?
343
Convert -294 (base 16) to base 8.
-1224
What is -20 (base 3) in base 14?
-6
What is -51355 (base 6) in base 12?
-3b5b
What is 20535 (base 6) in base 8?
5353
What is 156 (base 11) in base 12?
132
What is 429b (base 12) in base 4?
1302113
What is -2020330 (base 4) in base 12?
-50a4
